 6552 = 0. Calculate the remainder when i is divided by 39.
38
Calculate the remainder when 301 is divided by ((-154)/(-10))/(-10 - 612/(-60)).
70
Let g = 19 - -245. Suppose -144 - g = -24*a. What is the remainder when 49 is divided by a?
15
Suppose 6*w - 219 = 282 - 201. Calculate the remainder when 12298 is divided by w.
48
Suppose 16 = 3*z + z. Let a(s) = 2*s**3 - 11*s**2 + 51*s + 2. What is the remainder when a(z) is divided by 40?
38
Suppose -37 = -3*h - 4*t + 249, -2*h - 5*t + 193 = 0. Calculate the remainder when h is divided by (2 + 1 + (-6)/(-3))/((-2)/(-10)).
19
Let m be (0 + (0 - 1))/3*-6. Let b(y) = -2*y + 4*y**2 + 6*y**2 + m - 4 + 4. What is the remainder when 73 is divided by b(2)?
35
Let x(s) = 41*s - 2538. What is the remainder when 859 is divided by x(68)?
109
Let y(a) = -a**2 - 103*a + 6728. Calculate the remainder when 1734 is divided by y(-139).
10
Suppose -40*d + 32651 - 12839 = 214*d. Calculate the remainder when d is divided by 1/(1/42*1).
36
Suppose -115*a = -118*a + 5811. Suppose -57*y + 571 = -a. What is the remainder when 215 is divided by y?
39
Suppose -j = -5*j + 304. Suppose -3*b = -4*s + 6, 16*s + 41 = 5*b + 15*s. Calculate the remainder when j is divided by b.
6
Let d = 11516 + -9009. What is the remainder when d is divided by 27?
23
Suppose -2*p - 4*s + 5412 = 0, 20 - 18 = s. What is the remainder when p is divided by 3?
2
Let f = 143 + -150. Let u(g) = g**3 + 6*g**2 - 8*g - 5. Suppose 0*k = -k + 1. Calculate the remainder when u(f) is divided by k.
0
Let r = -422 + 603. Let u = r - 161. What is the remainder when 697 is divided by u?
17
Let s(j) = -4*j**3 + 7*j**2 + 8*j + 10. Suppose -20 = -2*c + 3*t, 2*c - 2*t - 38 = -14. What is the remainder when s(-3) is divided by c?
13
Suppose -4*s = 5*n - 424, 5*s - 530 = 3*n - 5*n. Suppose 73*q - 41*q = 33*q. Suppose -t = q, t = 2*b - 0*t - s. What is the remainder when b is divided by 14?
11
Let r(h) = h**2 - h - 5. Suppose -4*c = 5*z - 10, -z - 2 = -5*c - 33. Suppose -2*a = -72 - 120. What is the remainder when a is divided by r(z)?
21
Suppose -4*t - 107 = -5*a + 53, -2*a = 2*t + 98. Calculate the remainder when t*11/(220/(-16)) is divided by 10.
6
Let f(c) = -6*c - 28. Let r(x) = x**2 - 5*x - 8. Let t be r(5). Let w(p) = -p + 98. What is the remainder when w(0) is divided by f(t)?
18
Suppose -5*l = -2*k + 1620, 3*l = -2*k + 4*l + 1604. Suppose -12*y + k = -7*y. Calculate the remainder when y is divided by 28.
20
Suppose -2*a + 116 = t + t, -4*a = -3*t - 253. What is the remainder when a - 6/((-4)/(-2)) is divided by 8/((-8)/(-7))*(-8 - -11 - 0)?
16
Suppose 0 = 37*s - 234 - 506. What is the remainder when (0 - -6 - -2)*250/s is divided by 51?
49
Let x be 86/18 + 64/288. Suppose h + d - 94 = 0, -x*d = -4*h - d + 400. What is the remainder when h is divided by 49?
48
Suppose -2*j = -3*b - 0*b, 0 = 5*b - j. Suppose -2*z = 5*u + 5, b*u - z + 4 = -4*u. Let q = 20 - u. Calculate the remainder when 59 is divided by q.
17
Let a(g) = 2*g**2 - 54*g - 60. What is the remainder when a(32) is divided by 14?
8
Calculate the remainder when 714450/28 + 43/(-602) is divided by 176.
172
Let d(q) = 41*q**2 - 5*q - 48. Calculate the remainder when d(4) is divided by 571.
17
Suppose -3*n = -g - 277, 12*n - 15*n - 2*g = -265. Calculate the remainder when n is divided by (0 + -1)*(-7 + -24).
29
Suppose -4*l + 228 = -7*l. Let d be 1/(3 + l/16 + 2). Suppose -57 = -x + 5*n, 0 = -d*x + 3*n - 0*n + 211. What is the remainder when x is divided by 14?
10
Let x(h) = 12*h**2 + 25*h - 80. What is the remainder when 10607 is divided by x(3)?
101
What is the remainder when -52 + 48 + 11*(61 - (5 + -1)) is divided by 349?
274
Suppose -3 = -5*g + 17, 0 = m - 4*g + 23. Let v(i) be the third derivative of -i**4/8 + 2*i**3/3 + 9*i**2. Calculate the remainder when 172 is divided by v(m).
22
Let r(w) = 2*w**2 + 22*w + 54. Let y be r(-13). Suppose 4*f - 5*b + 37 = y, b = 3*f - 38. What is the remainder when 52 is divided by f?
8
Let c = -269 - -531. Suppose 0 = 15*m - 1628 - c. Calculate the remainder when m is divided by 40.
6
Let j be (1 + -6)*-2*27/(-15). Let i = j - -23. Suppose 13 = r - 3*p, 4*p + p + i = r. Calculate the remainder when r is divided by 14.
11
Let j(c) = 24*c + 3. Let h = 768347 + -768343. Calculate the remainder when j(4) is divided by h.
3
Let u = -2210 + 2227. Calculate the remainder when 82 is divided by u.
14
Let i = -8634 - -9152. Calculate the remainder when i is divided by 87.
83
Let c(u) = -u**3 - 11*u**2 - 17*u + 8. Let h be c(-9). Calculate the remainder when 23 is divided by h - -8 - (-3 - 1).
1
Let k = -28 + 38. What is the remainder when (15/(-5))/((-2)/22) is divided by k*-9*(-1 - (-5)/6)?
3
Suppose -8*q + 7*q + 34 = -4*d, 5*q + 4*d - 74 = 0. Suppose -118 = -8*v + q. What is the remainder when v is divided by 3?
2
Suppose 0*h - 87 = -h. Let q be 4/6 - (-336)/9. Let c = 49 - q. Calculate the remainder when h is divided by c.
10
Suppose -y = v - 5, -15 = -3*v - 3*y + 4*y. Suppose -2*r + w = -61, 2*w + 56 = v*r - 94. What is the remainder when 221 is divided by r?
25
Suppose 2*p + 0*p = 3*m - 10, 5*m - 4 = -3*p. Suppose -8 = 2*s - 14, -15 = -m*o - 3*s. Calculate the remainder when 20 is divided by o.
2
Let x(p) = 18*p + 158. Let c be x(-9). What is the remainder when c/(4/12 + (-725)/2085) is divided by 14?
12
Let x = -34 + 42. Let a = 130 + -101. Calculate the remainder when a is divided by x.
5
Suppose 1421 = 8*r - 2867. What is the remainder when r is divided by 128?
24
Let n(a) = 3*a + 4. Let l be n(-2). Let p be (-6 + 0)*1/l. Suppose f + 4*f - p*m - 341 = 0, 0 = 4*f - m - 270. Calculate the remainder when f is divided by 17.
16
Let b = -2187 + 2356. Calculate the remainder when b is divided by 25.
19
Let x be (-7 - -4) + 1 + -1. Let k be 4 + (-48)/2*(-6 + 7). Calculate the remainder when 5 is divided by x + (-4 - -1)*k/15.
0
Let d(l) = 8*l - 4. Calculate the remainder when d(3) is divided by (6/4)/(18 + (-5478)/308).
6
Let v(h) = 51*h**2 + 6*h + 8. What is the remainder when v(-3) is divided by 48?
17
Let c(t) = -2*t**3 + 7*t**2 + 41*t + 72. Let w be 4/6 + 50/15. Suppose -82 - 150 = -w*a. Calculate the remainder when a is divided by c(7).
10
Suppose 74 - 1676 = -267*f. What is the remainder when 111 is divided by f?
3
Let u be 1/(-7) - (-5)/70*16. Suppose 0 = -4*s + 3*o + 266, -5*s = o + u - 343. What is the remainder when s is divided by 59?
9
Suppose -11*d + 4838 = 48*d. Calculate the remainder when d is divided by 14.
12
Let h be (-8)/6*(-36 + 33). Let a be (-10 + h)*11/(-6). Suppose 10 = 5*c, 3*u = a*c - 6*c + 131. What is the remainder when u is divided by 19?
9
Let q(t) = -11*t + 93. Let p be q(8). Calculate the remainder when (96/9)/(p + 172/(-36)) is divided by 33.
15
Suppose 5*z = 5*f - 10, 0*z - 3 = -3*z. Suppose o = f*o + 34. Calculate the remainder when (2 + o)*(6 + -7) is divided by 3.
0
Suppose 0 = 2*m + p + 7, 2*m - 14 + 1 = 3*p. What is the remainder when 127 is divided by m/((-8)/22*1/12)?
28
Let k(l) = -11*l - 56 - 38 + 2*l - 4*l. Calculate the remainder when 133 is divided by k(-10).
25
Let y = -48 - -43. Let j be 30*(2/5 - (-5 - y)). Suppose -l - 462 = -j*l. Calculate the remainder when 80 is divided by l.
38
Let x = 22095 + -21773. What is the remainder when 4198 is divided by x?
12
Suppose -20 = 2*r + 4*v, -4*r - 16 = -0*v - 4*v. What is the remainder when 196 is divided by (2 - (-9)/r)/(41/492)?
4
Let h be (3/(-2))/(21/392). Let k = h - -55. Suppose 9*s - k = -0*s. What is the remainder when s is divided by 2?
1
Let w = -6111 - -6176. What is the remainder when 239 is divided by w?
44
What is the remainder when (-100 - (4 - (2 - 10)))*-1 is divided by 77?
35
Let u(k) = 77*k - 2029. Calculate the remainder when 423 is divided by u(29).
15
Suppose 5*z - 4*z + 3*j = -182, -3*j = -6. Let o = 202 + z. Suppose -51 = -5*p + 3*l + 82, 17 = p - 3*l. Calculate the remainder when p is divided by o.
1
Suppose 65700 = 253*j - 74*j + 46*j. Calculate the remainder when j is divided by 37.
33
Let t(f) = 17*f**3 - 4*f**2 + 15*f - 11. Suppose -262 = -4*y - 30. What is the remainder when t(2) is divided by y?
23
Let u be 21/(1029/13706) + (-2)/(-7). Let f = 314 - u. What is the remainder when 168 is divided by f?
32
Suppose 3*w = 9*w - 4416. Let l = 748 - w. Let 